 remainder when 22 is divided by a?
4
Let n = 95 - 90. Suppose -n*a - 18 = -7*a. Calculate the remainder when 23 is divided by a.
5
Let f(u) = 24*u**2 + 1. Suppose -42 = 3*z - 252. Suppose -3 = 3*x - 0, -c - 2*x = -z. What is the remainder when c is divided by f(-1)?
22
Suppose 4*c - 3 - 9 = 2*t, 14 = -3*t + 5*c. Suppose -4*n = -2*k + 152, -16 = -t*k + 5*n + 135. What is the remainder when k is divided by 40?
38
Let c(s) = 11*s + 12*s + 1 - 22*s + 7. Calculate the remainder when c(-3) is divided by 3.
2
Let s be (18/15)/(6/15). Let d(o) = o**3 + 3*o**2 - 8*o - 11. Calculate the remainder when d(-4) is divided by (1/s)/((-2)/(-18)).
2
Let z(g) = 2*g. Let x(u) = u - 7. Let d be x(7). Let w be z(d). Calculate the remainder when (7 + w)*(-3 - -5) is divided by 3.
2
Let v = -25 - -28. Suppose -71 = -4*w - v. Calculate the remainder when 64 is divided by w.
13
Let n(o) = -o**2 + 22*o + 154. What is the remainder when n(20) is divided by 39?
38
Suppose -23*h + 5*i - 53 = -24*h, 2*h - 82 = -2*i. Let v = 33 - 20. What is the remainder when h is divided by v?
12
Suppose p + 0*n - 15 = 5*n, -3*n = 2*p - 4. Suppose p*y - 18 = 2. Calculate the remainder when 34 is divided by 1/((-2)/y) + 20.
16
Let n = -1542 + 1776. What is the remainder when n is divided by 77?
3
Let r = 220 - 124. Let z = 101 - r. Calculate the remainder when 11 is divided by z.
1
Let r = -149 + 154. What is the remainder when r is divided by 4?
1
Let w(d) = d**2 - 17*d + 7. Let a be w(16). Let b = 13 + a. Suppose -b*k = k - 60. What is the remainder when 35 is divided by k?
11
Let u(v) = 3*v**2 + 5*v - 4. Let y(z) = -2*z - 26. What is the remainder when u(-5) is divided by y(-21)?
14
Let f(x) = x - 8. Let w be f(20). Suppose -820 = 7*p - w*p. Calculate the remainder when p is divided by 33.
32
Let f(w) = w**3 - 14*w**2 + w - 18. Let a be f(14). Let l = 16 + a. Let u = -41 - -75. What is the remainder when u is divided by l?
10
What is the remainder when 102/4 + (-6)/4 is divided by (8/16)/(3/(-27))*-2?
6
Let s be (-106)/(-22) - 4/(-22). Suppose s*c + 12 = 52. Suppose -2*a + 10 = -0*a. What is the remainder when c is divided by a?
3
Suppose 0 = -n + 5*x - 1, -4*n + 5*x - 6 = -17. Calculate the remainder when 16 is divided by n.
0
Let b(j) = j**2 + 2*j - 3 - 5*j**2 + 7*j**2 - j. Let h = -27 + 47. What is the remainder when h is divided by b(-2)?
6
Let d(h) = -h**3 - 7*h**2 - 10*h - 6. Let i = -181 + 251. What is the remainder when i is divided by d(-6)?
16
Calculate the remainder when 121 is divided by (12/10)/(279/7440).
25
Suppose q = 2*h - 39, -h - 4*q = -2*q - 22. Calculate the remainder when 228 is divided by h.
8
Let n = 1 + 3. Let g(j) = -j**3 + 23*j**2 - 26*j + 26. Let t be g(22). Let k = t - -68. Calculate the remainder when k is divided by n.
2
Suppose 3 = -b, -3*v - 3*b = -7*b - 435. What is the remainder when 436 is divided by v?
13
Let p = -61 + 118. Suppose 0 = -7*c + 69 + p. What is the remainder when c is divided by 4?
2
Let m = -36 + 54. What is the remainder when 4440/54 + (-4)/m is divided by 28?
26
Let f(q) = 45*q**2 - 2*q - 1. Calculate the remainder when 75 is divided by f(-1).
29
Let p(q) be the first derivative of -q**4/4 + 4*q**3 + 3*q**2/2 - 6*q + 14. Calculate the remainder when p(11) is divided by 15.
13
Let m = 692 + -620. What is the remainder when 212 is divided by m?
68
Let p = -308 - -311. What is the remainder when 25 is divided by p?
1
Suppose c + 4 = 0, 3*z = z - 5*c + 42. Suppose -4159*g + 4151*g = -104. Calculate the remainder when z is divided by g.
5
Let o(l) = -3*l**2 - 2*l - 1. Let y be o(-1). Let u(g) = -3*g**3 - 3*g**2 + 1. Suppose -3*f - 47 = -68. Calculate the remainder when u(y) is divided by f.
6
Suppose -21*o = -5*o - 1520. What is the remainder when o is divided by 2?
1
Let i(m) = 5*m**2 - 4*m + 3. Let s = -59 - -61. Calculate the remainder when 41 is divided by i(s).
11
Suppose -3*q = q - 16. Let m(j) = 107*j - 4. Let v be m(q). What is the remainder when 105 is divided by v/12 - 12/(-18)?
33
Suppose 18 = v - 5*b, 2*b - 20 = -14. Calculate the remainder when 293 is divided by v.
29
Suppose -4*q - j + 5*j = -292, 0 = 4*q - 3*j - 288. Let r = q - 45. What is the remainder when 91 + 2 - (-2 + 1) is divided by r?
22
Suppose 13131 + 10906 = 13*z. Calculate the remainder when z is divided by 74.
73
Let j = 163 - 88. Suppose -18*d + 21*d = j. Calculate the remainder when 45 is divided by d.
20
Suppose 23 - 25 = -l. Let r(j) = 3*j**2 - 2. Let g(s) = 2*s**2 - 5. Calculate the remainder when g(4) is divided by r(l).
7
Suppose 68 = 16*h + 20. What is the remainder when 34 is divided by h?
1
What is the remainder when (3 + -6*6/9)*-50 is divided by 18?
14
Suppose 3*b + 0 = 6. Let q(v) = 4*v**2 + 2*v - 2. Calculate the remainder when q(b) is divided by 5.
3
Suppose -4*a - 412 = -2*r, 0 = 2*r + r - a - 638. What is the remainder when r is divided by 9?
7
Let d be ((-1)/2)/(5/(-30)). Let v be d/4 - 555/20. Let c = -25 - v. What is the remainder when 7 is divided by c?
1
Suppose 5*v = 10*v - 105. What is the remainder when v + 1 + (-6 - -4) is divided by 6?
2
Let t(n) = n**3 - 6*n**2 + 6*n - 1. Let c be t(5). Suppose c*x = 5 + 3. Let z = 90 + -87. What is the remainder when z is divided by x?
1
Let r = -51 + 139. Let p = r + -55. What is the remainder when 131 is divided by p?
32
Suppose 2*g - 4*z + 50 = 0, 4*g = -5*z - 38 - 10. Let y = 20 + g. Calculate the remainder when 56 is divided by (y - 1) + (18 - 1).
18
Suppose 5*f + 3*g = 1, -8 = 4*f - 4*g + 2*g. Let o(y) = -30*y**3 - y**2 - y - 1. Calculate the remainder when o(f) is divided by 15.
14
Suppose -1969 + 451 = -22*r. What is the remainder when r is divided by 19?
12
Suppose -4 - 4 = -2*t, 5*t + 125 = 5*i. What is the remainder when 173 is divided by i?
28
Let p = 129 + -91. Calculate the remainder when 225 is divided by p.
35
Let p = -3 + 7. What is the remainder when (-6)/4*364/(-42) is divided by p?
1
Let r be -9*((-3 - -4) + -4). Suppose -u = 2*f - r, u = 3*u + 3*f - 54. What is the remainder when 79 is divided by u?
25
Let j = 162 + -87. Let x = -51 + j. What is the remainder when x is divided by 5?
4
Let i(f) = -f**2 + 20*f + 47. Let c be i(23). Calculate the remainder when 16 is divided by c*-3*2/12.
5
Let o(j) = -3*j + 12. Calculate the remainder when 112 is divided by o(-9).
34
Let y(c) = c**3 - 17*c**2 - 3*c + 57. What is the remainder when 130 is divided by y(17)?
4
Let v(c) = 3*c - 1. Let t be 2/(-8) + (-45)/12. What is the remainder when (-72)/(-6)*(-22)/t is divided by v(6)?
15
Let y(s) = -s**3 - 5*s**2 - 5*s - 4. Let p be y(-4). Suppose -35 = -5*q - p. Suppose -4*w = -5*w + q. Calculate the remainder when 26 is divided by w.
5
Suppose -7*k - 195 = -5*y - 12*k, -5*y = 3*k - 191. Calculate the remainder when 210 is divided by y.
25
Let g = 0 - 2. Let d(u) = 9*u - 6. Let q(z) = 3*z - 2. Let y(h) = -6*d(h) + 17*q(h). Calculate the remainder when 15 is divided by y(g).
7
Let t(q) = q**3 - 5*q**2 + 6*q + 3. Let n(g) = -g**2 + 4*g + 5. Let u be n(4). What is the remainder when t(u) is divided by 0 + 0 + (-1 - -13)?
9
Let q(u) = -106*u + 51*u + 51*u. Let a be q(-5). Let p = -15 + a. What is the remainder when 12 is divided by p?
2
Suppose 4*c = 2*c - 2*a + 92, -90 = -2*c - 4*a. Let d = -47 - -72. Calculate the remainder when c is divided by d.
22
Suppose 40*i + 160 = 5*x + 35*i, 2*i = 5*x - 148. Suppose 0*o = -o + 10. What is the remainder when x is divided by o?
8
Suppose 6*y - 737 = -197. Suppose -64*w + y = -59*w. Calculate the remainder when (-2)/8 - (-418)/8 is divided by w.
16
Suppose 0 = 3*z + 111 + 3. Let v = 63 + z. Calculate the remainder when v is divided by 9.
7
Calculate the remainder when -6 - 144/((-18)/3) is divided by 14.
4
Suppose -r - 861 = -5*y, 0 = 3*y + 15*r - 10*r - 511. What is the remainder when y is divided by 5?
2
What is the remainder when 72705/296 + 9/24 is divided by 71?
33
Let k = 65 - 21. Let n = k + -32. Calculate the remainder when 23 is divided by n.
11
Let h = 24 + -3. Calculate the remainder when h is divided by 11.
10
Suppose -4*u + 55 = 2*a - a, -3*u + 292 = 5*a. Calculate the remainder when 98 is divided by a.
39
Let q(a) = -773*a**3 - 25*a**2 - 23*a + 2. Calculate the remainder when q(-1) is divided by 43.
42
Let r = -104 + 139. What is the rema